09 - 18 - 160
-141
What is the value of -392 - -480 - (38 + -4)?
54
Calculate 38 + -6 + 5 - (-6 + (15 - -5)).
23
Evaluate 0 - 1 - (-10 + 156 + -192).
45
What is the value of 99 + -268 + 175 - (-1 + -1 + -25)?
33
Evaluate 3 - (1 - (-2 + 0)) - (2719 + -2735).
16
What is the value of -56 + 89 - 36 - (0 + -1)?
-2
Calculate -6 - -60 - (-146 + 180).
20
-16 + (-153 - (-28 - 80))
-61
What is the value of -1 + 11 - (-9 - (16 - 1))?
34
What is the value of -3233 + 3237 - ((-2 - 2) + -3)?
11
What is the value of (-69 - -1 - -16) + (-2 - (2 - 3))?
-53
-90 - (62 + -37) - -40
-75
What is the value of -20 - (-17 - -9) - (1 + -22) - 19?
-10
What is the value of (882 - 955) + (132 - -1)?
60
What is the value of -124 + (135 - (-83 - -205))?
-111
Evaluate -50 - (-48 - -3) - (1 + -2 - 11) - 38.
-31
What is the value of 9 - ((-6 - 7) + 88 + -4)?
-62
What is the value of 86 + -33 + (-90 - -27)?
-10
What is 21 + 3 + (38 - 42 - (-23 - -12))?
31
What is the value of -1 + (1 + 0 - (0 - 34)) + 8725 + -8734?
25
-389 + 349 - ((2 - -1) + -10)
-33
What is 31 + (49 - 19 - 72)?
-11
What is 24 + 3 - (-60 - -13 - -116)?
-42
Evaluate 11 - (1629 + -1620 + (-80 - -1)).
81
What is -148 - 37 - -100 - -174?
89
What is 27 - (-16 + (90 - (0 + 30)))?
-17
Evaluate 16 + (-16 - -6) + 0 + (30 - (2 - 1)).
35
Calculate 1 - 10 - (-2 - (2 - -61) - (1 + -11)).
46
What is 16 - 1 - (264 + -136 - 50)?
-63
Calculate (-7 - (-4 + 6)) + (-4 - (-2 + -1)).
-10
Calculate -35 + -3 + (-5 - -55 - 49).
-37
What is 50 - (2 - -13) - (45 + -34)?
24
Calculate (43 - 1) + (2924 - 2964) - (94 - (0 - 0)).
-92
What is the value of 86 + -192 + 165 - -23?
82
Evaluate (-18 - 2) + 147 + -103 + -103.
-79
What is 1 + 23 + (19 - (-8 + 0)) + -18?
33
Evaluate 7 - (11 + -45 - -88).
-47
What is (-1 + 11 + 8 - -8) + -13 + 0?
13
What is (3 - 8) + (8 - 4 - -9 - (-22 - 16))?
46
What is -38 + (26 - -19) + (0 - 34)?
-27
What is the value of 31 - ((-4 - -3) + 14) - (-6 - 56)?
80
What is the value of -52 + (-10 - -73) - (-3 + 0 - -41)?
-27
0 + -66 + -1 + 2 - (171 - 665 - -489)
-60
What is -11 - -33 - ((0 + 0 - 91) + 6)?
107
Evaluate (126 - (-14 - -103)) + -18.
19
Calculate -86 + -26 + (-223 - -204).
-131
Calculate -58 + -5 - (-357 - -345).
-51
What is the value of -12 - (50 + -83) - -14?
35
Evaluate 14603 - 14547 - (2 - -37).
17
Evaluate (-4 - 7 - (47 - 38)) + -6.
-26
What is the value of (-57 - 83) + 90 - 15?
-65
Calculate (-82 - -107) + (13 + -4 - -4).
38
What is the value of 3 + -21 + 9 + 30 - 19?
2
What is -162 - (-5 + (-18 - 80))?
-59
What is 9 - (-1 + (-24 - (0 - 30)))?
4
17 + -1 - (-5 - ((-20 - -18) + -9 + -30))
-20
What is 3 + (-35 + 17 - -42 - 4)?
23
What is the value of -43 - (-2 + (126 - 84))?
-83
Evaluate (1 - -1) + 8 - 13 - (79 - 14).
-68
What is the value of 49 + (14 - 45) - -23?
41
Evaluate (2 - 4 - (-1146 - -1188)) + (-3 + 2 - 10).
-55
3 + (-8 + (-10 - (-18 - -15)) - -24)
12
Calculate 3 + (9 + -19 - (-59 - (-12 - (7 - 18)))).
51
Evaluate -19 - -1 - (-793 + 842) - -21.
-46
What is the value of -3 - -57 - ((-35 - -34) + (20 - 8))?
43
What is -9 + -30 + 18 + 16 + 6 + -2?
-1
What is (23 - (54 + 11 + -30)) + (0 - 34)?
-46
What is ((0 - 7) + 2 + -44 - (-106 + 104)) + 2?
-45
Evaluate -14 + 30 + -9 - -13 - (2 + 28).
-10
Calculate 0 + 102 + (-81 - (-43 - (-11 - -33))).
86
What is (-1 - -9) + (137 - 144) + 7 + -10 + -29?
-31
Calculate 53 + -41 + -3 + 30 + (0 + 4 - 6).
37
-53 + 30 + 40 + (-6 - -7) + -8 - 33
-23
What is the value of -1 - 26 - -3 - (-3373 - -3384)?
-35
What is 100 + -42 + -57 - -25?
26
What is the value of (-23 - 7) + 34 + -8 + -57?
-61
What is the value of (-40 - (1 + (-21 - -12))) + -4 + -7 + 1?
-42
Evaluate 3 + -5 + 11 + -243 + 223 + -72.
-83
Calculate 4 - 0 - (91 + -92 + (80 - 4)).
-71
What is -1 + 0 - 52 - (-796 - -798)?
-55
What is (-2 - (-31 + (5 - -10) + 5)) + -11?
-2
Evaluate 23 + 18 + (4 - 40) - -30.
35
What is -11 + 16 + -15 + -2 + -1 + -7 + 21?
1
-2 - (13 - (7 + (-10 - (13 + -10))))
-21
What is 70 + -54 + 19 + -40 + -68?
-73
What is the value of 10 - 2 - (17 - (177 - (48 + (-19 - 5))))?
144
Calculate 24 - (13 + (2 - 8)) - (4 + 10 + -22).
25
(-105 - -106) + (-2 + -1 - (15 - 5)) + 71
59
Calculate 50 + -120 + (23 - 9) + 7.
-49
Calculate (0 - -1) + -9 - ((329 - 357) + (-60 - -4)).
76
Calculate (-8 - -94 - 4) + (13 - ((-4 - -20) + 9)).
70
What is the value of 127 + 148 + -194 - -69?
150
What is -14 + (-5 - -38) - 28?
-9
What is 30 + (-16 - 21) + 8 + -3 + -21 + 13?
-10
What is the value of 3 + -14 + -1 - (-446 - -381)?
53
Evaluate (-8 - (86 - (20 + -8))) + (-13 - -19).
-76
(74 - -51 - 49) + -7
69
16 + 16 + (9 + -121 - -27)
-53
Evaluate 3 + -63 + -25 + 25 - (-16 - -21).
-65
What is 23 + -49 + 10 + (1 - -104)?
89
Evaluate -41 + 0 + (2844 - 2810).
-7
Calculate 5 - 8 - -88 - (-59 - -55 - -21).
68
Evaluate -9 - (10 + -1 + -14 - (-3 - -10)).
3
Evaluate -54 + 57 + -71 + 26.
-42
(0 + 1 - (0 + -7)) + -7 - (124 - 94)
-29
What is -58 - -38 - (-1 - 8) - (17 + 0 + -7)?
-21
Calculate 0 + -19 + 0 - (-225 - (-173 + 19)).
52
Calculate -22 + 37 + 35 - 13.
37
Evaluate 21 + 1 + (162 - 111) + -28.
45
(25 - 30 - -22) + -26 - -69
60
What is the value of (88 - 95 - (1 + -3)) + (1 - (0 + 4))?
-8
-10 + (-1 - (-37 + (0 - (-6 - -15))) - 0)
35
What is the value of -4800 + 4849 - (44 + -2)?
7
-132 + (50 - (82 + -117))
-47
23 - ((57 - 32) + -42 + 8)
32
-1 + -33 + -25 + 21 - 28
-66
What is the value of -19 + (-26 + 24 - -36 - 100)?
-85
What is (-24 - -13) + 7 + (-2 - -12) - (-2 + -127)?
135
What is the value of 25 - 0 - (617 - 543)?
-49
31 + -18 + 2 + -1 - 56
-42
What is the value of -3 + -27 + 11 + 23 - 10 - (-103 - 1)?
98
(57 - 51) + -30 + -11 + -1
-36
Calculate -33 + 27 + (-8 - 19).
-33
(1319 - 1215) + (-5 - (7 - (-2 - 2 - -1)))
89
-7 - -30 - (5 + 4 - (-2 + -1))
11
What is (1 - -9) + -332 + 328?
6
Evaluate -7 + (19 - (-5 - -29)) - -53.
41
Calculate -61 + ((-6 + 25 + -11 - -2) + -7 - 10).
-68
Calculate (0 + -3 + 15 - 14 - -13) + 77 + -2.
86
What is -18 + 5 + 1 + -1 + -6942 + 6924?
-31
Evaluate 288 - 44 - 256 - (-1 - (0 + 0) - -112).
-123
Calculate -3 + -11 - ((-6017 - -6150) + (-21 - -1 - -1)).
-128
Calculate 1 + 0 + (-37 - 1) + (-1203 - -1210).
-30
What is (110 - 88) + 6 + (-1 - -2)?
29
What is (15 - 0 - 17) + 4 + 6 + 2?
10
What is the value of -4 + 110 + 67 + -84?
89
What is the value of (-11 + -17 - 11) + (-10 - -6) + -1 + 2?
-42
(-8 - -1) + -2 - (-79 + (20 - 9) + -2)
61
Evaluate (21 - 6) + -27 + 14 + -14.
-12
(4 - (-2 + (3 - 0)) - 11) + 349 + -458
-117
Evaluate -22 - (47 + 11 + -1 - 28).
-51
What is -7 + 6 + (1 - 1) - -110 - (-3360 + 3348)?
121
7 - 0 - ((-36 - -26) + -27 + 119)
-75
What is the value of (0 + 2 + -1 - 3) + (-96 - 19 - -7)?
-110
What is -39 - 0 - (231 - (-203 + 406))?
-67
-3 - (0 - (61 - 8)) - ((27 - 16) + 1)
38
What is -50 + -14 - (-14 + (8 - 6) + 23)?
-75
477 - 331 - (6 + 31)
109
What is -13 + (0 - -14 - (-11 + 2)) + 36?
46
(-94 - -100) + (-72 - -3)
-63
What is 4 - (1022 + -996 - (1 - -4))?
-17
Evaluate -3 + 59 + 52 + -22 + -34.
52
Calculate (3 - (5 + 2 + 50)) + 4 - (269 + -260).
-59
What is (-51 - -18) + 68 + -3?
32
Evaluate -9 + -78 + 86 + (-15 - 4).
-20
What is -4 + -48 - (6 - 2) - (0 + 51 + -37)?
-70
What is the value of -29 + -32 + 39 + 87?
65
What is (125 + -26 - 86) + (78 - (4 - (1 + 4)))?
92
Evaluate (7 - (14 - 37 - -21)) + -20.
-11
What is (-14 - -5 - -3) + -5 + -31 + -6?
-48
What is the value of -24 - (-100 + 111) - -132?
97
What is (26 - 35) + (1 - -9 - (1 + 0)) - -22?
22
Evaluate -15 - (-26 - (92 + -61)).
42
Evaluate (-963 - -968) + (-97 - 0 - 0).
-92
40 - 24 - 4 - (10 + -3 + 1 + -5)
9
Calculate -3 + -2 + 12 + -9 + 3 + -11 + 130.
120
Calculate 6 - (-33 - (0 - (-22 - -16))) - 1.
44
Calculate 52 + (55 - 120) + -16.
-29
What is the value of -13 + (7 - (-12 + 9)) + 4?
1
What is the value of -4 + 0 + 1 + 35 + -82 - (1 + 0)?
-51
Calculate (-3 + 26 + -21 + -31 - -17) + -40.
-52
What is the value of -4 + -32 - (-807 + 770)?
1
Calculate (-107 - -125 - (-3 - -10)) + -12.
-1
What is (-210 - -94 - -132) + 66 + -6 + 3?
79
Calculate (-25 - -16) + 21 - (-116 + 148).
-20
Evaluate -2 + 1 + (-114 + 32 - -48).
-35
0 + (32 - 26 - (4 + -40)) - 14
28
Calculate (-26 - -61 - (31 + -9)) + -2 + (-2 - 158).
-149
What is the value of (13 + -77 - -11) + (-5 + (7 - 0) - -4)?
-47
-32 + -42 + 43 + -10
-41
Calculate 9 + (-10 - -4) - 16 